 - 8. Does 16 divide p?
False
Let g(k) = -k**3 + 4*k**2 + 3*k - 6. Suppose -5*m + 5*d = -3*m + 7, -5*m + 5*d + 5 = 0. Is g(m) a multiple of 4?
False
Suppose -70 = -3*y + 131. Is y a multiple of 15?
False
Let c = -18 + 63. Is 15 a factor of c?
True
Let s(k) = -k**3 + 3*k**2 + k - 1. Let f be s(2). Suppose 0 = -f*j - 0*j + 30. Is 3 a factor of j?
True
Let d = 165 + -162. Is d a multiple of 3?
True
Let v be (-2)/(((-12)/33)/4). Suppose -6 = -2*n + v. Is n a multiple of 7?
True
Let p(r) = -2*r + 12. Let d be p(10). Let u = d + 15. Does 6 divide u?
False
Suppose 4*f = -3*u + 103, -6*u + 128 = -3*u - f. Is 6 a factor of u?
False
Let o(z) be the first derivative of z**2/2 - 2*z - 1. Let t be o(2). Suppose a - 10 = -t*a. Is a a multiple of 9?
False
Let f be 2/(-4) + 78/12. Suppose t = 3*t - f. Suppose -36 = -t*h - 0*h. Does 6 divide h?
True
Let m(k) = 4*k**3 - 4*k**2 - k - 7. Let j(y) = -5*y**3 + 3*y**2 + 2*y + 8. Let g(u) = 3*j(u) + 4*m(u). Let o be g(5). Is o/(-6) + (-14)/(-21) a multiple of 3?
False
Let p = 7 - 4. Suppose -v - 3*y = -26, 2*v - p*y - 35 = 17. Does 5 divide v?
False
Suppose 4*b = 3*d - 7*d + 160, 0 = -2*d + b + 92. Does 22 divide d?
True
Let r = -3 - -8. Suppose 2*j - 3*f = 44, 0*j + 2*j - 12 = -r*f. Does 8 divide j?
True
Suppose -3*m + 27 = 6. Is 2 a factor of m?
False
Suppose 4*l = 4*y - 1008, 2*l + 10 = -3*l. Is 25 a factor of y?
True
Let s(q) = 4*q**3 + 7*q**2 - 10*q - 2. Let p(a) = -a**3 - a**2 + a. Let v(x) = 3*p(x) + s(x). Let i be v(-5). Is ((-27)/2)/((-6)/i) a multiple of 6?
True
Suppose c - 76 = 4*i, 5*c - 4*i + 8*i = 452. Is 22 a factor of c?
True
Let k = 1 - -1. Let x be 294/4*k - -2. Suppose -3*v = -x + 53. Is 16 a factor of v?
True
Suppose 5*q - 338 - 282 = 4*k, -3*q + 372 = 3*k. Suppose -q = -6*c + 2*c. Suppose f - c = -0. Does 14 divide f?
False
Suppose -132 = -4*n + n. Suppose 0 = -0*d - 4*d - 5*c + 21, -5*d - 4*c = -24. Suppose -y - n = -a, 0 = -4*a + a - d*y + 125. Is 17 a factor of a?
False
Is (-35)/7 + 4 + 2*11 a multiple of 7?
True
Let y be (-6)/4*(1 + -3). Suppose -y*n - n = -268. Let t = 97 - n. Is 15 a factor of t?
True
Suppose 0*y + 384 = 4*y. Suppose 0 = -3*b - b + y. Is 6 a factor of b?
True
Let k(g) = 16*g**2 - 3*g - 1. Is 9 a factor of k(-2)?
False
Let q(f) = f + 4. Let d be q(8). Suppose 0 = -b + d + 18. Is b a multiple of 4?
False
Suppose -23*u - 162 = -26*u. Is 27 a factor of u?
True
Let p(o) = 2*o**2 + 4. Does 26 divide p(6)?
False
Let r be 282/7 - 6/21. Suppose a + m - r = 0, 0*a - a + 2*m = -28. Let g = a + -10. Is 7 a factor of g?
False
Let p(q) = -2*q - 8. Let m be p(-10). Let k = m - 4. Let d = 11 - k. Does 3 divide d?
True
Let c(v) = v - 2. Let y be c(5). Suppose y*r + 2 = -4*j + 77, -2*j + 2*r + 20 = 0. Is 15 a factor of j?
True
Suppose 4*g = 3*r + 14, 0 = 2*r - 7*r + 2*g - 14. Is 12 a factor of -16*(-1 - -2)*r?
False
Suppose -4*u + 19 = -13. Suppose l - u = 3*l. Is 5 a factor of 1*(-15)/6*l?
True
Let s = 3 - 3. Suppose s = -v - v + 4. Is 13 a factor of v + -2 + 2 + 11?
True
Let k(d) = d + 3. Let q be k(-5). Let r(i) = 17*i**2 + 2*i. Does 16 divide r(q)?
True
Suppose 2*x = x + 35. Suppose -3*u - 127 = b - 6*b, -x = -b + 3*u. Does 8 divide b?
False
Suppose 2*p + 27 = -p. Let o be 26 - 1*(-1 - 0). Let s = o + p. Is s a multiple of 9?
True
Let s(p) = -p**2 + p - 1. Let u be s(0). Let i = 33 - u. Is 12 a factor of i?
False
Let d = 89 + -41. Is d a multiple of 8?
True
Let y = 9 + -6. Suppose 5*r = 2*r - y. Is 17 a factor of -1 - (-1)/r - -28?
False
Does 30 divide 4/(64/1252) - 3/12?
False
Suppose 5*i = -10 - 10. Does 13 divide ((-38)/i)/((-11)/(-66))?
False
Suppose 3*y + 2*r + 0*r = 87, -4*r + 147 = 5*y. Suppose 13 = -h - y. Let n = 2 - h. Is n a multiple of 14?
True
Let r(p) = -p**3 + 13*p**2 + 16*p - 23. Is r(12) a multiple of 45?
False
Let o be ((-49)/5 + 3)*-5. Let b = o - 18. Is 16 a factor of b?
True
Does 10 divide ((-8)/(-5)*-4)/(1/(-25))?
True
Suppose 2*a + 0*s - s = 62, -4*a + 3*s = -126. Is 10 a factor of a?
True
Suppose 0*j = 5*t + 3*j - 521, 0 = -5*t - j + 517. Suppose -3*i + b = -138, i = -i - 3*b + t. Suppose -v = -i - 17. Is v a multiple of 23?
False
Let w = 5 - 1. Let r = w - -2. Does 3 divide r?
True
Suppose 0 = 5*u - u - 116. Suppose 2*a - u = -5*t, -3*t = -a - 4*t + 10. Does 4 divide a?
False
Let w(c) = -c**3 + c**2 + 2. Let s be w(0). Suppose -3*k = -s*y + 25 + 44, -4*y + 5*k = -143. Does 18 divide y?
False
Let p = 1 + 3. Let a be 14/p + (-1)/2. Suppose -a*g - 40 = -8*g. Is 4 a factor of g?
True
Let r be (-261)/(-81) + 4/(-18). Suppose 0 = 2*i + s - 9, 2*i + 3 = r*s - 0*s. Is 2 a factor of i?
False
Let o(y) = 3*y**3 + 35*y**2 - 24*y + 29. Let s(g) = -2*g**3 - 23*g**2 + 16*g - 19. Let u(m) = 5*o(m) + 8*s(m). Let z = -23 + 13. Is u(z) a multiple of 13?
True
Let o(c) = -c**2 + 12*c - 10. Suppose -3*u + 11 = -4, 2*m = u + 13. Is o(m) a multiple of 16?
False
Suppose 4*h = 20, -3*h = 5*j - h - 145. Does 3 divide j?
True
Suppose k + 23 = 2*h - 2*k, -20 = -2*h + 2*k. Let x = h + -4. Does 3 divide x?
True
Let c(b) = -4*b**2 + 3*b**2 + 10 + 21*b - 36*b. Is c(-12) a multiple of 27?
False
Suppose 0 = n - 6*n - 65. Let k = 8 + n. Let w = 5 - k. Is 10 a factor of w?
True
Let r(q) = q + 26. Let j be r(0). Suppose 4*y + 0*y + 10 = z, -2*z + 5*y + 17 = 0. Suppose -s - z = -j. Is s a multiple of 10?
True
Let z = 857 + -466. Let x = z - 265. Suppose -5*a - n = -x, 0 = 4*a - 3*n - 4 - 93. Is a a multiple of 16?
False
Let n be 1/(-6) - 51/18. Let g be (0 - 2/n)*-3. Let a = g - -4. Is 2 a factor of a?
True
Does 2 divide 6 + (0 - -2 - 0)?
True
Let h(z) = z**2 + 8*z + 9. Let o be h(-7). Suppose o*a + 10 = 4*a. Suppose a*y - 10 = -0, 5*s + 3*y = 201. Is 13 a factor of s?
True
Suppose 34 = 3*s + 2*u - 7*u, 4*s - 2*u = 22. Is 21 a factor of (1/(-5) + s)*15?
True
Let t be ((-4)/6)/((-2)/(-12)). Let a(y) = y. Let r(i) = -4*i - 1. Let f(d) = -11*a(d) - 2*r(d). Is f(t) a multiple of 14?
True
Let r(l) = 3 - l - 1 - 1. Let k be r(-1). Does 11 divide (24 + k)/(2 - 1)?
False
Let d be (-1)/(-4) + 19/4. Suppose -2*s + 5 = 2*m - 5, 0 = 2*s + d*m - 1. Does 10 divide 18/(-24) + 166/s?
True
Let l = -68 + 152. Is 14 a factor of l?
True
Suppose -3*w = -4*i - 26, 3*i = w - 3*w - 11. Suppose 0 = w*j + o - 29, 5*j - 31 = 3*o + 58. Is j a multiple of 8?
True
Does 11 divide 35 + (4 - (0 + 1))?
False
Let h(o) = -o**2 - 8*o - 6. Is h(-5) a multiple of 3?
True
Let p be (6/(-4))/((-3)/4). Suppose j = p*j - 56. Let q = 93 - j. Is q a multiple of 19?
False
Let x = 6 - 23. Let d = x - -30. Is d a multiple of 5?
False
Let u(h) be the second derivative of -h**3 - 3*h**2 - 5*h. Is u(-6) a multiple of 10?
True
Suppose 0 = 5*k - 14 - 11. Suppose k*d - 54 = 2*d. Is 4 a factor of d?
False
Suppose 0 = 3*m - 5*m + 258. Let w be (4/6)/((-2)/m). Let p = 88 + w. Is p a multiple of 15?
True
Let l(p) = -31*p + 2. Suppose 6 - 1 = -5*h. Does 15 divide l(h)?
False
Let v = -22 - -8. Let x be (-4)/(-14) - 290/v. Suppose -5*f = 15, x = h + 4*f - 1. Is 12 a factor of h?
False
Suppose b = -4*y - 2*b + 265, -4*y = 4*b - 268. Is 8 a factor of y?
True
Let m be 136/(-16)*(-28 - 2). Suppose 5*p - p + d - 217 = 0, 2*d + m = 5*p. Is 14 a factor of p?
False
Suppose 244 = 4*k - n, -2*k - 3*n = -6*k + 236. Is 30 a factor of k?
False
Let q be (-45)/6*(-8)/(-6). Let m = q + 20. Is m a multiple of 5?
True
Let l = -324 + 584. Does 52 divide l?
True
Suppose l + 3 = -r + 6*l, 26 = 4*r - l. Is 5 a factor of r?
False
Suppose -28 = 4*v - 5*x, -8 + 2 = 5*v + x. Does 4 divide 2 - (v + 20)/(-3)?
True
Let g(a) = a + 4. Let r be g(-4). Suppose 4*l - 2*l - 40 = r. Is l a multiple of 20?
True
Let l(j) = 7*j**3 + 10*j**2 - 5*j + 6. Let m(d) = -d**3 - d**2. Let s(q) = -l(q) - 6*m(q). Let i be s(-5). Let u(t) = 2*t**2 + 7*t - 1. Is 8 a factor of u(i)?
False
Suppose 3*h - 4*t - 6 = 11, 0 = -4*h - 3*t + 6. Suppose 101 + 43 = h*k. Is 13 a factor of k?
False
Suppose p - 4*p = 2*f - 7, 5*p = 2*f + 1. Let w = f - -1. Is w a multiple of 3?
True
Let v(q) = -4*q - 11. Suppose 2*t + 18 = 2*z - 5*z, -2*z = -t - 2. Is v(t) a multiple of 9?
False
Suppose 5*x = 4*f - 32, -2*f - 3*x - 15 = -3*f. Suppose l = -4*w + 1, -5*w = 5*l - f - 2. Suppose w = y - 5 - 6. Is y a multiple of 11?
True
Let q = -6 - -10. Let c = q - 4. Is 13 a factor of (0 - (-1 - c)) + 25?
True
Let k(v) = v**2 + 2*v. Let h b